200203 (base 4) to base 5.
1210223
-20b5 (base 12) to base 4
-320021
455 (base 12) to base 16
281
What is -5802 (base 15) in base 10?
-18677
-4818 (base 12) to base 8
-17624
Convert -4184 (base 16) to base 5.
-1014042
-250 (base 10) to base 8
-372
Convert 4623 (base 7) to base 11.
12a0
-21001 (base 3) to base 4
-2332
Convert -a04 (base 12) to base 13.
-871
What is 1251 (base 6) in base 3?
102211
What is -1100101011 (base 2) in base 3?
-1010001
Convert -1804 (base 13) to base 11.
-2740
-10314 (base 12) to base 13
-9847
-3231 (base 4) to base 11
-1a6
What is 18 (base 15) in base 4?
113
290 (base 15) to base 9
720
-110101100 (base 2) to base 8
-654
Convert -1654 (base 10) to base 7.
-4552
What is 435 (base 15) in base 6?
4222
What is -5271 (base 14) in base 9?
-21440
What is -c52e (base 15) in base 10?
-41669
11313 (base 6) to base 8
3135
-4154 (base 6) to base 3
-1021121
-6084 (base 9) to base 11
-3386
Convert 9488 (base 10) to base 6.
111532
Convert -100111100111 (base 2) to base 13.
-1200
What is -89 (base 14) in base 3?
-11111
1724 (base 10) to base 2
11010111100
Convert -1101110100 (base 2) to base 6.
-4032
-11203202 (base 4) to base 16
-58e2
Convert -3430 (base 11) to base 14.
-1902
What is -12243 (base 8) in base 6?
-40243
-302005 (base 6) to base 12
-11905
2c5 (base 16) to base 6
3141
Convert -6699 (base 10) to base 9.
-10163
-112142 (base 6) to base 9
-14108
Convert 9368 (base 10) to base 4.
2102120
What is 3352 (base 14) in base 16?
22bc
Convert 21658 (base 10) to base 2.
101010010011010
What is 4561 (base 7) in base 6?
11404
What is 9ab (base 13) in base 3?
2021120
50e9 (base 15) to base 12
9a86
3c7 (base 16) to base 3
1022211
What is 919 (base 11) in base 2?
10001010101
What is 288 (base 13) in base 5?
3300
-62e (base 15) to base 4
-111302
Convert 10100100110 (base 2) to base 16.
526
What is -21 (base 12) in base 3?
-221
What is 11001101 (base 2) in base 16?
cd
What is -c6 (base 16) in base 5?
-1243
What is 1010010 (base 3) in base 10?
813
1010011 (base 2) to base 12
6b
-23264 (base 11) to base 5
-2033322
What is -542 (base 15) in base 14?
-60b
Convert 1044304 (base 5) to base 9.
27582
What is 20598 (base 10) in base 12?
bb06
Convert 3237 (base 12) to base 3.
21120021
What is -232200 (base 4) in base 5?
-43401
Convert 36 (base 15) to base 14.
39
What is 230231 (base 4) in base 6?
21125
-10010001111 (base 2) to base 4
-102033
-14784 (base 9) to base 14
-398c
What is 3375 (base 9) in base 3?
10102112
What is -870 (base 16) in base 2?
-100001110000
-30506 (base 9) to base 2
-100111001111110
2132 (base 5) to base 7
565
-1d6 (base 14) to base 6
-1440
Convert 2052 (base 6) to base 9.
565
Convert 26541 (base 8) to base 6.
125441
Convert -46100 (base 7) to base 8.
-26677
-1365 (base 9) to base 7
-3002
Convert -1214 (base 8) to base 16.
-28c
What is -1a8b (base 15) in base 7?
-22532
What is 1030032 (base 4) in base 14?
1ac6
2221210 (base 3) to base 10
2154
-126a (base 11) to base 15
-74e
Convert -918a (base 11) to base 7.
-50364
-31101 (base 5) to base 11
-1582
Convert -202111 (base 4) to base 14.
-b2d
Convert 6701 (base 10) to base 4.
1220231
100010111 (base 2) to base 9
340
What is 1202 (base 9) in base 5?
12033
Convert 32210 (base 5) to base 3.
2222202
Convert -23752 (base 8) to base 2.
-10011111101010
What is -28a16 (base 12) in base 16?
-ddb2
Convert 77c (base 13) to base 5.
20121
What is -1437 (base 12) in base 4?
-210223
What is 19 (base 14) in base 12?
1b
Convert -124627 (base 8) to base 7.
-240401
Convert -dc (base 14) to base 3.
-21012
Convert 2030 (base 4) to base 15.
95
Convert -11144 (base 11) to base 9.
-24124
Convert 321 (base 15) to base 10.
706
15111 (base 6) to base 4
211303
Convert -112210112 (base 3) to base 4.
-2220203
What is 1509 (base 14) in base 4?
322111
-111210 (base 3) to base 4
-11310
Convert 1200 (base 8) to base 10.
640
Convert -42a0 (base 15) to base 10.
-14100
Convert -6267 (base 10) to base 2.
-1100001111011
What is 194 (base 14) in base 8?
506
What is 9257 (base 13) in base 4?
10323113
233 (base 15) to base 11
413
What is 18722 (base 10) in base 13?
86a2
22332303 (base 4) to base 9
67626
-221 (base 12) to base 4
-10321
Convert -30454 (base 6) to base 4.
-333202
Convert -8a2 (base 11) to base 5.
-13310
What is 111011110000 (base 2) in base 15?
11ee
Convert 729 (base 11) to base 10.
878
1421 (base 7) to base 12
3a2
-201566 (base 8) to base 10
-66422
What is -1002200 (base 3) in base 15?
-386
Convert 388d (base 14) to base 16.
26c5
What is 14430 (base 6) in base 11?
1821
What is 621 (base 16) in base 8?
3041
-10230 (base 6) to base 12
-976
Convert 212141 (base 5) to base 15.
21d1
What is -86 (base 13) in base 12?
-92
-1cb (base 16) to base 14
-24b
What is -13321 (base 6) in base 16?
-811
Convert 2110 (base 11) to base 10.
2794
What is 572 (base 12) in base 2?
1100100110
What is 10938 (base 11) in base 15?
4a16
Convert -5b1 (base 13) to base 4.
-33131
Convert -20033 (base 4) to base 9.
-645
Convert 21155 (base 7) to base 11.
3a29
What is -1317 (base 8) in base 16?
-2cf
-1423 (base 5) to base 13
-154
Convert -2926 (base 11) to base 15.
-11be
What is -232231 (base 5) in base 7?
-33416
What is 43153 (base 8) in base 4?
10121223
-3237 (base 10) to base 4
-302211
-65224 (base 9) to base 2
-1010100010111011
What is 6ab (base 13) in base 16?
483
31261 (base 7) to base 15
2427
Convert 11502 (base 6) to base 9.
2282
5800 (base 15) to base 16
48f3
What is 17b (base 16) in base 6?
1431
Convert 5a82 (base 15) to base 16.
4b2f
Convert 2260 (base 12) to base 6.
25400
15242 (base 10) to base 3
202220112
Convert 7890 (base 12) to base 5.
411411
-1441 (base 7) to base 10
-568
55673 (base 8) to base 16
5bbb
Convert -202011 (base 6) to base 9.
-23837
Convert 311113 (base 5) to base 16.
27ae
What is -567b (base 15) in base 9?
-27138
What is -11401 (base 6) in base 7?
-4555
What is -291 (base 16) in base 13?
-3b7
Convert 282 (base 12) to base 4.
12002
-121 (base 14) to base 6
-1013
What is -258 (base 13) in base 7?
-1125
Convert 280 (base 9) to base 8.
352
-173 (base 11) to base 7
-405
-212010 (base 3) to base 9
-763
Convert -a37 (base 11) to base 15.
-585
What is -3200 (base 4) in base 8?
-340
-20a (base 13) to base 10
-348
-100001000 (base 3) to base 9
-10030
What is 530 (base 9) in base 12?
300
110111 (base 4) to base 8
2425
What is 34e0 (base 15) in base 7?
44520
What is 210020 (base 3) in base 4?
20331
-2719 (base 13) to base 3
-21200101
What is -10021102 (base 3) in base 9?
-3242
Convert -43 (base 5) to base 6.
-35
Convert a5 (base 12) to base 10.
125
-1112111200 (base 3) to base 9
-45450
12321 (base 6) to base 3
2112111
Convert -3103 (base 4) to base 12.
-157
-202003 (base 4) to base 9
-2881
What is 888 (base 14) in base 7?
4631
-2055 (base 14) to base 3
-21122001
Convert -4d6 (base 15) to base 14.
-589
Convert 1100100111011001 (base 2) to base 3.
2121212211
What is 40884 (base 10) in base 7?
230124
Convert 110100 (base 2) to base 7.
103
-30135 (base 7) to base 6
-53410
Convert 111550 (base 6) to base 11.
7155
What is 41b4 (base 16) in base 15?
4eb5
Convert 3032312 (base 4) to base 3.
200011022
Convert 1442 (base 6) to base 3.
112022
What is 814 (base 9) in base 10?
661
What is -35b3 (base 12) in base 2?
-1011110010111
What is 22201022 (base 3) in base 13?
2b79
What is -23332313 (base 4) in base 5?
-3032304
1c18 (base 14) to base 15
17b3
What is 102022000 (base 3) in base 15?
2690
What is -25bc (base 14) in base 5?
-203014
What is -351a (base 12) in base 8?
-13446
What is -230 (base 10) in base 6?
-1022
Convert -6c5 (base 13) to base 14.
-5dd
What is -c4 (base 15) in base 4?
-2320
What is 5664 (base 16) in base 2?
101011001100100
18a (base 14) to base 12
226
222 (base 10) to base 6
1010
Convert 11a0 (base 13) to base 14.
ca4
What is -533 (base 9) in base 11?
-366
10225 (base 6) to base 15
625
2232141 (base 5) to base 2
1001101011110111
Convert -a91 (base 11) to base 15.
-5c5
Convert -303300 (base 5) to base 15.
-2da0
What is 23a9 (base 15) in base 4?
1312200
7 (base 15) to base 14
7
What is 10100110011 (base 2) in base 11?
1000
8261 (base 9) to base 15
1bd4
What is -6256 (base 8) in base 12?
-1a66
2bd4 (base 14) to base 3
101202000
7844 (base 10) to base 2
1111010100100
What is -69c (base 16) in base 3?
-2022200
ff (base 